{"id":253,"date":"2022-09-16T17:26:03","date_gmt":"2022-09-16T17:26:03","guid":{"rendered":"https:\/\/redpiscinas.cl\/tienda\/?page_id=253"},"modified":"2023-04-17T20:31:52","modified_gmt":"2023-04-17T20:31:52","slug":"como-funciona","status":"publish","type":"page","link":"https:\/\/redpiscinas.cl\/tienda\/como-funciona\/","title":{"rendered":"\u00bfC\u00f3mo funciona?"},"content":{"rendered":"\t\t<div data-elementor-type=\"wp-page\" data-elementor-id=\"253\" class=\"elementor elementor-253\">\n\t\t\t\t\t\t\t\t\t<section class=\"elementor-section elementor-top-section elementor-element elementor-element-e162d4b elementor-section-boxed elementor-section-height-default elementor-section-height-default\" data-id=\"e162d4b\" data-element_type=\"section\">\n\t\t\t\t\t\t<div class=\"elementor-container elementor-column-gap-default\">\n\t\t\t\t\t<div class=\"elementor-column elementor-col-100 elementor-top-column elementor-element elementor-element-64b2b951\" data-id=\"64b2b951\" data-element_type=\"column\">\n\t\t\t<div class=\"elementor-widget-wrap elementor-element-populated\">\n\t\t\t\t\t\t\t\t<section class=\"elementor-section elementor-inner-section elementor-element elementor-element-66afd85 elementor-section-boxed elementor-section-height-default elementor-section-height-default\" data-id=\"66afd85\" data-element_type=\"section\">\n\t\t\t\t\t\t<div class=\"elementor-container elementor-column-gap-default\">\n\t\t\t\t\t<div class=\"elementor-column elementor-col-50 elementor-inner-column elementor-element elementor-element-4184f97\" data-id=\"4184f97\" data-element_type=\"column\">\n\t\t\t<div class=\"elementor-widget-wrap elementor-element-populated\">\n\t\t\t\t\t\t\t\t<div class=\"elementor-element elementor-element-206f8af elementor-widget elementor-widget-image\" data-id=\"206f8af\" data-element_type=\"widget\" data-widget_type=\"image.default\">\n\t\t\t\t<div class=\"elementor-widget-container\">\n\t\t\t<style>\/*! elementor - v3.6.8 - 27-07-2022 *\/\n.elementor-widget-image{text-align:center}.elementor-widget-image a{display:inline-block}.elementor-widget-image a img[src$=\".svg\"]{width:48px}.elementor-widget-image img{vertical-align:middle;display:inline-block}<\/style>\t\t\t\t\t\t\t\t\t\t\t\t<img loading=\"lazy\" decoding=\"async\" width=\"1024\" height=\"683\" src=\"https:\/\/redpiscinas.cl\/tienda\/wp-content\/uploads\/2022\/09\/fotp2-1024x683.png\" class=\"attachment-large size-large\" alt=\"\" srcset=\"https:\/\/redpiscinas.cl\/tienda\/wp-content\/uploads\/2022\/09\/fotp2-1024x683.png 1024w, https:\/\/redpiscinas.cl\/tienda\/wp-content\/uploads\/2022\/09\/fotp2-600x400.png 600w, https:\/\/redpiscinas.cl\/tienda\/wp-content\/uploads\/2022\/09\/fotp2-300x200.png 300w, https:\/\/redpiscinas.cl\/tienda\/wp-content\/uploads\/2022\/09\/fotp2-768x512.png 768w, https:\/\/redpiscinas.cl\/tienda\/wp-content\/uploads\/2022\/09\/fotp2.png 1200w\" sizes=\"auto, (max-width: 1024px) 100vw, 1024px\" \/>\t\t\t\t\t\t\t\t\t\t\t\t\t\t\t<\/div>\n\t\t\t\t<\/div>\n\t\t\t\t\t<\/div>\n\t\t<\/div>\n\t\t\t\t<div class=\"elementor-column elementor-col-50 elementor-inner-column elementor-element elementor-element-8e51b83\" data-id=\"8e51b83\" data-element_type=\"column\">\n\t\t\t<div class=\"elementor-widget-wrap elementor-element-populated\">\n\t\t\t\t\t\t\t\t<div class=\"elementor-element elementor-element-c4d66d8 elementor-widget elementor-widget-heading\" data-id=\"c4d66d8\" data-element_type=\"widget\" data-widget_type=\"heading.default\">\n\t\t\t\t<div class=\"elementor-widget-container\">\n\t\t\t<style>\/*! elementor - v3.6.8 - 27-07-2022 *\/\n.elementor-heading-title{padding:0;margin:0;line-height:1}.elementor-widget-heading .elementor-heading-title[class*=elementor-size-]>a{color:inherit;font-size:inherit;line-height:inherit}.elementor-widget-heading .elementor-heading-title.elementor-size-small{font-size:15px}.elementor-widget-heading .elementor-heading-title.elementor-size-medium{font-size:19px}.elementor-widget-heading .elementor-heading-title.elementor-size-large{font-size:29px}.elementor-widget-heading .elementor-heading-title.elementor-size-xl{font-size:39px}.elementor-widget-heading .elementor-heading-title.elementor-size-xxl{font-size:59px}<\/style><h2 class=\"elementor-heading-title elementor-size-default\">Funcionamiento de productos Qu\u00edmicos<\/h2>\t\t<\/div>\n\t\t\t\t<\/div>\n\t\t\t\t<div class=\"elementor-element elementor-element-e772dd9 elementor-widget elementor-widget-text-editor\" data-id=\"e772dd9\" data-element_type=\"widget\" data-widget_type=\"text-editor.default\">\n\t\t\t\t<div class=\"elementor-widget-container\">\n\t\t\t<style>\/*! elementor - v3.6.8 - 27-07-2022 *\/\n.elementor-widget-text-editor.elementor-drop-cap-view-stacked .elementor-drop-cap{background-color:#818a91;color:#fff}.elementor-widget-text-editor.elementor-drop-cap-view-framed .elementor-drop-cap{color:#818a91;border:3px solid;background-color:transparent}.elementor-widget-text-editor:not(.elementor-drop-cap-view-default) .elementor-drop-cap{margin-top:8px}.elementor-widget-text-editor:not(.elementor-drop-cap-view-default) .elementor-drop-cap-letter{width:1em;height:1em}.elementor-widget-text-editor .elementor-drop-cap{float:left;text-align:center;line-height:1;font-size:50px}.elementor-widget-text-editor .elementor-drop-cap-letter{display:inline-block}<\/style>\t\t\t\t<p>La calidad, color y brillo del agua de su piscina depende en gran medida del equilibrio qu\u00edmico en la que \u00e9sta se encuentre.<\/p><p>Por m\u00e1s cuidados que tenga, si el agua no cuenta con los niveles adecuados, ser\u00e1 imposible mantenerla en \u00f3ptimas condiciones.<br \/>Con el control de tan s\u00f3lo 2 par\u00e1metros puede explicar del orden del 80% del comportamiento del agua de su piscina:<\/p>\t\t\t\t\t\t<\/div>\n\t\t\t\t<\/div>\n\t\t\t\t\t<\/div>\n\t\t<\/div>\n\t\t\t\t\t\t\t<\/div>\n\t\t<\/section>\n\t\t\t\t<div class=\"elementor-element elementor-element-fd19ee5 elementor-widget elementor-widget-text-editor\" data-id=\"fd19ee5\" data-element_type=\"widget\" data-widget_type=\"text-editor.default\">\n\t\t\t\t<div class=\"elementor-widget-container\">\n\t\t\t\t\t\t\t<p><strong>Con el control de tan s\u00f3lo 2 par\u00e1metros puede explicar del orden del 80% del comportamiento del agua de su piscina:<\/strong><\/p>\t\t\t\t\t\t<\/div>\n\t\t\t\t<\/div>\n\t\t\t\t<div class=\"elementor-element elementor-element-f519963 elementor-widget elementor-widget-text-editor\" data-id=\"f519963\" data-element_type=\"widget\" data-widget_type=\"text-editor.default\">\n\t\t\t\t<div class=\"elementor-widget-container\">\n\t\t\t\t\t\t\t<p>Empiece por estabilizar el pH .<span style=\"font-family: var( --e-global-typography-text-font-family ), Sans-serif;\">Debe mantenerlo entre 7,2 y 7,6 , y en forma peri\u00f3dica medir estos par\u00e1metros.<\/span><\/p>\n<ul>\n<li>El pH es la medida de acidez o alcalinidad del agua. El pH indica la concentraci\u00f3n de iones hidr\u00f3geno [H]+ presentes en el agua. La sigla significa Potencial Hidr\u00f3geno.<br>Las aguas \u00e1cidas son las con con pH menores a 7 (hay m\u00e1s iones hidr\u00f3geno). Las aguas b\u00e1sicas o alcalinas tienen un pH superior a 7 (hay menos iones hidr\u00f3geno). Un agua con pH igual a 7, se denomina neutra.<\/li>\n<li>Es necesario mantener el pH estabilizado entre 7,2 y 7,6 ya que:<br>&#8211; La sensaci\u00f3n al ba\u00f1arse ser\u00e1 la mejor, no le picar\u00e1n los ojos, ni se le resecar\u00e1 la piel.<br>&#8211; La eficiencia de los qu\u00edmicos se reduce dram\u00e1ticamente cuando el Ph est\u00e1 fuera de rango.<br>&#8211; Reducir\u00e1 la acumulaci\u00f3n de sarro y formaciones calc\u00e1reas.<br>Un pH acido (bajo) afecta los metales. Un pH alcalino (alto) afecta los cementos.<br>&#8211; Y si quiere pasar a un nivel m\u00e1s avanzado en el tratamiento, empiece a medir la Alcalinidad Total.<\/li>\n<\/ul>\t\t\t\t\t\t<\/div>\n\t\t\t\t<\/div>\n\t\t\t\t<div class=\"elementor-element elementor-element-1427f26 elementor-widget elementor-widget-text-editor\" data-id=\"1427f26\" data-element_type=\"widget\" data-widget_type=\"text-editor.default\">\n\t\t\t\t<div class=\"elementor-widget-container\">\n\t\t\t\t\t\t\t<ul><li>Y luego, utilice un sanitizante, que es el elemento que se usa para matar las algas y bacterias, y desintegrar las grasas y aceites que diariamente ingresan al agua de su piscina. Existe una amplia variedad de sanitizantes, donde los m\u00e1s difundidos son el Cloro, los iones de cobre, los rayos UV, bromo, etc.<br \/>&#8211; Cada vez que el sanitizante elimina una alga o bacteria, este se consume, por lo que es necesario mantener los niveles de sanitizante activo, adecuados para reducir las formaci\u00f3n de estos elementos.<\/li><\/ul>\t\t\t\t\t\t<\/div>\n\t\t\t\t<\/div>\n\t\t\t\t<div class=\"elementor-element elementor-element-f957ebc elementor-widget elementor-widget-text-editor\" data-id=\"f957ebc\" data-element_type=\"widget\" data-widget_type=\"text-editor.default\">\n\t\t\t\t<div class=\"elementor-widget-container\">\n\t\t\t\t\t\t\t<ul>\n<li>Existen m\u00faltiples equipos para realizar y automatizar el Tratamiento del Agua, los que le ayudar\u00e1n y reducir\u00e1n el trabajo que requiere este proceso.<br>Revise en forma peri\u00f3dica los par\u00e1metros del agua, usando Test de Medici\u00f3n, algunos tan simples como los color\u00edmetros de 2 par\u00e1metros u otros avanzado de alta precisi\u00f3n como los fot\u00f3metros digitales mono o multi par\u00e1metros.<\/li>\n<\/ul>\t\t\t\t\t\t<\/div>\n\t\t\t\t<\/div>\n\t\t\t\t<div class=\"elementor-element elementor-element-0f4095c elementor-widget elementor-widget-text-editor\" data-id=\"0f4095c\" data-element_type=\"widget\" data-widget_type=\"text-editor.default\">\n\t\t\t\t<div class=\"elementor-widget-container\">\n\t\t\t\t\t\t\t<ul><li>En el siguiente link, <a href=\"https:\/\/limpiafondos.cl\/wp-content\/uploads\/2018\/09\/Funcionamiento-Productos-Quimicos.pdf\">Funcionamiento Productos Quimicos<\/a> , podr\u00e1 descargar una gu\u00eda donde describimos cuales son los qu\u00edmicos y como funcionan, los tipos de algas y bacterias, y algunos consejos pr\u00e1cticos que le servir\u00e1n para saber lo que le est\u00e9 pasando a su piscina.<\/li><\/ul>\t\t\t\t\t\t<\/div>\n\t\t\t\t<\/div>\n\t\t\t\t\t<\/div>\n\t\t<\/div>\n\t\t\t\t\t\t\t<\/div>\n\t\t<\/section>\n\t\t\t\t\t\t\t<\/div>\n\t\t","protected":false},"excerpt":{"rendered":"<p>Funcionamiento de productos Qu\u00edmicos La calidad, color y brillo del agua de su piscina depende en gran medida del equilibrio&#8230;<\/p>\n","protected":false},"author":1,"featured_media":0,"parent":0,"menu_order":0,"comment_status":"closed","ping_status":"closed","template":"elementor_header_footer","meta":{"_joinchat":[],"footnotes":""},"class_list":["post-253","page","type-page","status-publish","hentry"],"_links":{"self":[{"href":"https:\/\/redpiscinas.cl\/tienda\/wp-json\/wp\/v2\/pages\/253","targetHints":{"allow":["GET"]}}],"collection":[{"href":"https:\/\/redpiscinas.cl\/tienda\/wp-json\/wp\/v2\/pages"}],"about":[{"href":"https:\/\/redpiscinas.cl\/tienda\/wp-json\/wp\/v2\/types\/page"}],"author":[{"embeddable":true,"href":"https:\/\/redpiscinas.cl\/tienda\/wp-json\/wp\/v2\/users\/1"}],"replies":[{"embeddable":true,"href":"https:\/\/redpiscinas.cl\/tienda\/wp-json\/wp\/v2\/comments?post=253"}],"version-history":[{"count":37,"href":"https:\/\/redpiscinas.cl\/tienda\/wp-json\/wp\/v2\/pages\/253\/revisions"}],"predecessor-version":[{"id":1122,"href":"https:\/\/redpiscinas.cl\/tienda\/wp-json\/wp\/v2\/pages\/253\/revisions\/1122"}],"wp:attachment":[{"href":"https:\/\/redpiscinas.cl\/tienda\/wp-json\/wp\/v2\/media?parent=253"}],"curies":[{"name":"wp","href":"https:\/\/api.w.org\/{rel}","templated":true}]}}