{"id":534,"date":"2022-09-19T16:38:42","date_gmt":"2022-09-19T16:38:42","guid":{"rendered":"https:\/\/redpiscinas.cl\/tienda\/?post_type=product&#038;p=534"},"modified":"2023-05-05T04:25:19","modified_gmt":"2023-05-05T04:25:19","slug":"baja-ph-25-kg","status":"publish","type":"product","link":"https:\/\/redpiscinas.cl\/tienda\/producto\/baja-ph-25-kg\/","title":{"rendered":"Baja pH (Saco 25 Kg)"},"content":{"rendered":"<p><span style=\"font-weight: 400;\">Baja pH compuesto de Bisulfato de Sodio en polvo, para utilizar en el tratamiento de aguas de piscina, cuando est\u00e1 b\u00e1sica o alcalina.<\/span><\/p>\n<p><span style=\"font-weight: 400;\">El\u00a0<\/span><b>pH es una medida de acidez o alcalinidad del agua<\/b><span style=\"font-weight: 400;\">. El pH indica la concentraci\u00f3n de iones hidr\u00f3geno [H]+ presentes en el agua. La sigla significa Potencial Hidr\u00f3geno.<\/span><span style=\"font-weight: 400;\"><br \/>\n<\/span><span style=\"font-weight: 400;\">Las\u00a0<\/span><b>aguas \u00e1cidas<\/b><span style=\"font-weight: 400;\">\u00a0son las con PH menores a 7 (hay m\u00e1s iones hidr\u00f3geno). Las\u00a0<\/span><b>aguas b\u00e1sica<\/b><span style=\"font-weight: 400;\">s o alcalinas tienen un PH superior a 7. Un agua con PH igual a 7, se denomina\u00a0<\/span><b>agua neutra<\/b><span style=\"font-weight: 400;\">.<\/span><\/p>\n<p><span style=\"font-weight: 400;\">Es necesario mantener el pH estabilizado entre 7,2 y 7,8 ya que:<\/span><span style=\"font-weight: 400;\"><br \/>\n<\/span><span style=\"font-weight: 400;\">-La sensaci\u00f3n al ba\u00f1arse ser\u00e1 la mejor, no le picar\u00e1n los ojos, ni se le resecar\u00e1 la piel<\/span><span style=\"font-weight: 400;\"><br \/>\n<\/span><span style=\"font-weight: 400;\">-La eficiencia de los qu\u00edmicos se reduce dr\u00e1sticamente cuando el Ph est\u00e1 muy fuera de rango<\/span><span style=\"font-weight: 400;\"><br \/>\n<\/span><span style=\"font-weight: 400;\">\u2013 Reducir\u00e1 la acumulaci\u00f3n de sarro y formaciones calc\u00e1reas.<\/span><\/p>\n<p><span style=\"font-weight: 400;\">Antes de aplicar debe revisar el nivel actual de PH del agua, el cual idealmente debe estar entre 7.2 a 7.6. Aplique baja pH cuando el nivel del agua est\u00e9 sobre 7,6.<\/span><\/p>\n<p><span style=\"font-weight: 400;\">Aplique la dosis correspondiente, de acuerdo con las instrucciones del envase, y a las 24 hrs. vuelva a medir el nivel de PH, repitiendo el proceso si fuese necesario.<\/span><\/p>\n<p><span style=\"font-weight: 400;\">Guardar en su envase original bien cerrado y en un lugar fresco y seco. Si mantiene contacto con la piel, lave con abundante agua. No respire sus posibles vapores y mantenga fuera del alcance de los ni\u00f1os.<\/span><\/p>\n<p>&nbsp;<\/p>\n","protected":false},"excerpt":{"rendered":"<p><span style=\"font-weight: 400;\">Baja pH compuesto de Bisulfato de Sodio en polvo, para utilizar en el tratamiento de aguas de piscina, cuando est\u00e1 b\u00e1sica o alcalina.<\/span><\/p>\n","protected":false},"featured_media":677,"template":"","meta":{"_joinchat":{"telephone":"+56982432631"}},"product_cat":[20],"product_tag":[],"class_list":["post-534","product","type-product","status-publish","has-post-thumbnail","hentry","product_cat-ph"],"_links":{"self":[{"href":"https:\/\/redpiscinas.cl\/tienda\/wp-json\/wp\/v2\/product\/534","targetHints":{"allow":["GET"]}}],"collection":[{"href":"https:\/\/redpiscinas.cl\/tienda\/wp-json\/wp\/v2\/product"}],"about":[{"href":"https:\/\/redpiscinas.cl\/tienda\/wp-json\/wp\/v2\/types\/product"}],"version-history":[{"count":3,"href":"https:\/\/redpiscinas.cl\/tienda\/wp-json\/wp\/v2\/product\/534\/revisions"}],"predecessor-version":[{"id":1183,"href":"https:\/\/redpiscinas.cl\/tienda\/wp-json\/wp\/v2\/product\/534\/revisions\/1183"}],"wp:featuredmedia":[{"embeddable":true,"href":"https:\/\/redpiscinas.cl\/tienda\/wp-json\/wp\/v2\/media\/677"}],"wp:attachment":[{"href":"https:\/\/redpiscinas.cl\/tienda\/wp-json\/wp\/v2\/media?parent=534"}],"wp:term":[{"taxonomy":"product_cat","embeddable":true,"href":"https:\/\/redpiscinas.cl\/tienda\/wp-json\/wp\/v2\/product_cat?post=534"},{"taxonomy":"product_tag","embeddable":true,"href":"https:\/\/redpiscinas.cl\/tienda\/wp-json\/wp\/v2\/product_tag?post=534"}],"curies":[{"name":"wp","href":"https:\/\/api.w.org\/{rel}","templated":true}]}}